 - 9*y. Let o(b) = 7*b**2 + 16*b - 18. Let c(l) = 9*g(l) - 4*o(l). Calculate c(8).
-9
Let r(v) = 0*v - 7 + 3*v - 4*v. Suppose 11*f = 222 + 163. Suppose -3*a + 5*u + 30 = 0, 0 = 4*a - 5*u - 0*u - f. Give r(a).
-12
Suppose -3*n - 9 = 3. Let u be n*(-1)/(-1) - -2. Let w(z) be the first derivative of -z**2 - 3*z + 6605. What is w(u)?
1
Let u = -298 + 301. Let z(n) be the second derivative of n**5/20 - n**4/12 - n**3/3 - 3*n**2/2 - 9*n. Calculate z(u).
9
Let s(c) be the second derivative of -c**5/20 - 5*c**4/6 - 10*c**3/3 - 15*c**2 + 5290*c. What is s(-8)?
2
Let n be 0/(-8 - 42/(-3)). Let r(q) be the third derivative of -q**4/24 - 7*q**3/3 - 11*q**2. Calculate r(n).
-14
Let v(o) = -o**2 + 27*o + 65. Let i(r) = 17*r**3 + 86*r**2 + 3. Let c be i(-5). Determine v(c).
37
Let d(u) = u**3 + 6*u**2 + 3*u - 5. Let a be d(-5). Let n(x) = 0*x - 6*x**2 + x**3 - 5 + 3*x + a*x. Let t be 15/((-135)/(-99)) - -6*(0 + -1). Give n(t).
10
Let h(f) = 39*f**2 + 8*f - 7. Let p be h(-3). Let y = -324 + p. Let q(t) = -t**3 - 4*t**2 + 3*t - 4. What is q(y)?
-16
Let z(n) = -76 + 332 + 518 - 43*n. What is z(18)?
0
Suppose -f + 1 = 0, 48*a - 52*a - f + 29 = 0. Suppose a*o + 77 = 56. Let j(i) = 2*i**3 + 4*i**2 - i - 1. Determine j(o).
-16
Let u be 15*(364/70)/13. Let x(r) = -9*r + 40. Determine x(u).
-14
Let x(p) = 124*p - 407. Let w(y) = -27*y + 82. Let j(s) = 14*w(s) + 3*x(s). Give j(-13).
5
Let s = -35049 - -35045. Let q(p) = -19*p - 34. What is q(s)?
42
Let b(y) = -2*y - 7. Suppose -3*h + 6 = -3, -3*g - 3*h = -135. Let a be (2/6)/(-6 - (-250)/g). Determine b(a).
7
Let f be (-9)/5*100/(-60) + 0. Let i(k) = -3 - f*k**2 - 14*k + 0*k**3 - 1 - 4*k**2 + 3*k + k**3. Give i(8).
-28
Let j(u) be the first derivative of -2*u**3/3 - 9*u**2/2 - 4*u - 607. Give j(-4).
0
Let o(c) be the third derivative of 0*c**4 + 0 - 119*c**2 + 0*c - 8/3*c**3 - 1/120*c**6 + 7/30*c**5. Give o(14).
-16
Let v(t) = 1 + 4*t**2 - t**3 - 3*t + 1 - 2*t**3. Let l = 79580 - 79578. What is v(l)?
-12
Let d = 10 + -4. Let y(j) = -3*j**3 + 6*j**2 - 15*j - 7. Let g(w) = 7*w**3 - 12*w**2 + 36*w + 15. Let v(q) = 2*g(q) + 5*y(q). Give v(d).
-23
Suppose -3778*i = -3767*i - 33. Let w(s) be the second derivative of 0 - 1/12*s**4 - 20*s + 0*s**2 - 1/6*s**i. Determine w(2).
-6
Let x(g) = 5*g + 129. Let t be ((-220)/66 - 2)/((24/(-27))/(-4)). What is x(t)?
9
Let a(g) = -117*g + 596. Let f be a(5). Let r(d) = d**3 - 13*d**2 + 22*d + 20. Give r(f).
20
Let f(a) = 0*a - 31537*a**2 - a**3 - 5 + 31498*a**2 + 0*a. Give f(-39).
-5
Let m be (-16)/104 - 1302/(-13). Let w = m + -97. Let p(f) = -w*f + 9*f**2 - 4*f**2 + 7 - 6*f**2. What is p(-5)?
-3
Let o(l) be the first derivative of -2*l**3/3 + 19*l**2 + 35*l - 181. Let n be o(20). Let c(h) = -h**3 - 4*h**2 + 6*h + 1. Determine c(n).
-4
Let b be 270/(-8)*(-288)/54. Let j = b + -178. Let c(p) = -6*p**2 - 4*p + 3. Give c(j).
-29
Let i(j) = -j**2 - 9*j - 22. Suppose 0 = 13*x - 24*x + 44. Suppose -2*q - 3 = v, -12*v + x*q = -13*v + 1. Give i(v).
-8
Let x(c) = -19*c - 694*c**2 - 26*c**3 + 25*c**3 - 46 + 688*c**2 + 7*c. What is x(-5)?
-11
Let r(t) = -4*t + 13. Suppose 7*w = q + 2*w + 3, 4*q + 31 = w. Let h(m) = 6*m - 20. Let v(x) = q*r(x) - 5*h(x). Let c be v(2). Let b(s) = s + 7. Calculate b(c).
7
Let h(r) = -10*r**2 + r + 66. Let m(x) = 7*x**2 - x - 46. Let n(d) = -5*h(d) - 7*m(d). Suppose -1 = -l - 5. What is n(l)?
0
Let a(y) = -y**3 - 6*y**2 + 4*y + 28. Let g be a(-6). Suppose t + 5*m - 6 = 0, -g*m - 4 + 28 = 4*t. Let c(z) = -1 + 7*z + 0*z + 4*z**2 - 5*z**2. Calculate c(t).
5
Let x(d) = 0 + 88*d**3 + 2 - 2*d**2 - 83*d**3. Let n be x(1). Let i(f) = f**2 - 2*f - 7. What is i(n)?
8
Let i(r) = -2*r - 7 + r + 3*r. Suppose -6*s = -269 - 1159. Let u = s + -232. Determine i(u).
5
Let o(h) = h**3 - 11*h**2 - 8*h - 17. Let z(y) = -6*y**2 + 112*y - 510. Let b be z(9). Determine o(b).
31
Let w(s) = -4*s + 54. Let u = 26160 + -26145. What is w(u)?
-6
Let l(s) be the third derivative of s**5/30 + 5*s**4/8 - 5*s**3/6 + 3*s**2 - 10*s. Let y(h) = -2*h + 1. Let j(c) = -l(c) - 4*y(c). Calculate j(-5).
-14
Let m = -96 + 148. Let f = 61 - m. Suppose -5*y + 4*c + f = -1, -4*y = -3*c - 9. Let g(k) = -k**3 + 7*k**2 - 6*k - 8. Determine g(y).
-8
Let u(z) = -26*z + 74*z - 10*z - 21*z - 10*z + 21. Determine u(-7).
-28
Let m(u) = u**3 - 6*u**2 + 6*u + 4. Let k(w) = 3*w**3 - 5*w - 3. Let d be k(-2). Let v = d - -22. Suppose -o = -2, v*o - 4*o = -5*p + 27. What is m(p)?
9
Let v(s) be the second derivative of s**3/6 + 9*s**2/2 + 13641*s + 1. Let a = -12 - -8. Calculate v(a).
5
Let b(o) = -o**3 + 14*o**2 - 10*o - 14. Suppose 0 = 2*z - 3*v - 23, -5*z - v + 4*v + 62 = 0. What is b(z)?
25
Let d(p) = p**2 + 3*p - 6. Let t be d(-5). Suppose 5*k - 38 = -4*w, -t*k + 9*k = 3*w + 24. Let g(z) = 4*z - z**3 - 6*z**2 + 3*z + k*z - 14*z. Calculate g(-6).
6
Let l(u) = -251*u - u**2 + 2*u**2 + u**2 + 173*u + 2 + 81*u. Determine l(-4).
22
Let a(o) = 2*o**2 + 7*o - 7. Let r(b) = 6*b**2 + 20*b - 19. Let k(m) = 14*a(m) - 5*r(m). Let u = 4 - 6. Determine k(u).
-7
Let i(a) = -a**2 - 8*a - 5. Suppose 17*m - 291 + 53 = 0. Let c(t) = -t**2 + 13*t + 8. Let x be c(m). Determine i(x).
7
Let q(f) = -87*f - 1218. Let b be q(-14). Let p(v) = v**3 + 2*v**2 + v - 11. What is p(b)?
-11
Let d = 80 + -46. Let z(j) = -41*j - 443. Let k be z(-10). Let o = k + d. Let p(r) = 3*r**2 + r. Calculate p(o).
4
Suppose -5*u + 30 = -5*c, -13*u + 10*u = 3*c. Let s(q) = 7*q**2 + 2*q - 5. Determine s(u).
64
Suppose 0*a = -3*a - 4*f + 27, 0 = 5*f - 45. Let o(y) = y**2 + 37*y + 107. Give o(a).
5
Let b(z) = 4*z - 23. Let o be b(11). Suppose 22 = -n + o. Let u(x) be the first derivative of -7*x**3/3 + x**2 + x - 1. Give u(n).
-8
Let x(p) = -4*p**2 + 14*p + 4*p**2 + 67 - 2*p**2 - 64. Calculate x(7).
3
Let x = -2945 - -2951. Let v(p) = -2*p**2 + 13*p + 6. Give v(x).
12
Let h(q) = 13*q**3 + 2*q**2 - 1. Let u(l) = 3*l**3 + 21*l**2 + 18*l + 12. Let g be u(-6). Suppose -63*o = -51*o + g. Give h(o).
-12
Let o(w) = 13*w + 102. Let f = -750 - -742. What is o(f)?
-2
Let c = -84 - -127. Suppose c = -3*t + 52. Let r(d) = -11*d + 3. Determine r(t).
-30
Let x(v) be the third derivative of v**6/120 + v**5/5 + v**4/24 + 8*v**3/3 + 72*v**2 - 3. Give x(-12).
4
Let q(u) = u**2 - u + 55. Let x be 42/63 - 8/24*2. What is q(x)?
55
Let z(s) = 3*s**3 - s**2 - 2*s. Let u(q) = 2*q - 26. Let y be u(14). Let p be z(y). Let v(g) = p*g + 12*g - 1 - 24*g. Calculate v(1).
3
Suppose -3 = -d + 4*f + 9, 22 = 3*d + 2*f. Let y = -8 + d. Let c(x) = x + x**2 + 4*x + y + 2. Determine c(-4).
-2
Let o(l) = 8*l - 44. Let t(m) = m - 2. Let c(j) = -o(j) + 5*t(j). Let y be c(3). Let r = 21 - y. Let u(k) = -k**3 - 4*k**2 - 6*k - 1. Determine u(r).
23
Let v(z) = z**3 - 8*z**2 - 5*z - 14. Let l be -60 + 83 - (16 + -2). Give v(l).
22
Let l(g) = 12*g + 213. Let n(k) = 12*k + 250. Let c(u) = 4*l(u) - 3*n(u). Give c(-10).
-18
Let d(g) = -5*g**2 - 17*g - 50. Let k(x) = 2*x**2 + 8*x + 24. Let n(r) = 3*d(r) + 7*k(r). What is n(0)?
18
Let q(x) = 43 + 47 - 2*x + x**2 + 51 - 142. Suppose 3*v + v - 48 = 0. Suppose v = t + 2*t. Calculate q(t).
7
Let a(y) = -y**2 - 136*y + 281. Let t be a(2). Let b(n) = -n**2 - 10*n + 78. What is b(t)?
3
Let v(y) = -11*y**3 + 31*y**2 + 35*y + 20. Let x(h) = 14*h**3 - 41*h**2 - 46*h - 27. Let l(j) = 9*v(j) + 7*x(j). Calculate l(-7).
-9
Let k = 127 + -119. Let j(q) = -q + k - 15 + 3. What is j(4)?
-8
Let z(w) = -w + 1. Let q be 16/(-80) + (-152)/(-10). Let l be 77/q + 8/(-60). What is z(l)?
-4
Let h(q) = -q**3 + 7*q**2 + 9*q + 29. Let v be (162/432)/(1/8). Let x(n) = 2*n**3 - 15*n**2 - 18*n - 57. Let f(u) = v*x(u) + 5*h(u). Determine f(11).
-4
Let v be 7/((-11)/(-396)*-12). Let j(l) = l**3 + 21*l**2 + 51. Calculate j(v).
51
Let o(k) be the first derivative of 6*k + 32 + 1/2*k**2. Let f = -6 + -2. Calculate o(f).
-2
Suppose 9*d + 8 = 11*d, -3*u + 6 = 3*d. Let z be (17 - 5)*u/(-4). Let k(p) = 9*p - 18*p + 10*p + z. Give k(-8).
-2
Suppose -32 = -5*v + 4*z, -3*z + 4*z = -4*v + 55. Let h(g) = -3*g**2 + 36*g + 1. What is h(v)?
1
Let g(h) = 5*h - 6*h**3 + 4*h**2 - 2*h + 89173 - 89171. Let k(u) = 2*u**3 - 2*u**2 - u - 1. Let p(c) = 3*g(c) + 7*k(c). Calculate p(1).
-5
Let t(r) = -1 + r + 4*r - 2. Suppose -906*d - 232 = -914*d. Suppose -7 = 11*a - d. What is t(a)?
7
Let x(s) = s**2 + 116*s - 20. Let i(c) = 